 the greatest common divisor of 21 and 65828?
7
Calculate the greatest common factor of 4146 and 107105.
691
What is the greatest common factor of 53099 and 203?
29
Calculate the greatest common factor of 4685 and 5.
5
What is the highest common factor of 349710 and 6?
6
Calculate the highest common divisor of 357 and 255017.
119
What is the highest common factor of 480 and 217216?
32
Calculate the greatest common factor of 1128 and 1331416.
376
What is the greatest common divisor of 1412 and 1326221?
353
Calculate the greatest common factor of 31694 and 530.
106
Calculate the highest common divisor of 999669 and 22.
11
Calculate the greatest common factor of 2064 and 600.
24
What is the highest common factor of 77 and 308033?
11
Calculate the greatest common divisor of 518 and 1746178.
518
Calculate the greatest common divisor of 387442 and 242.
242
Calculate the highest common factor of 9 and 686241.
9
What is the highest common divisor of 14644 and 420?
28
What is the greatest common divisor of 99819 and 243?
27
What is the greatest common factor of 2266 and 108562?
206
What is the highest common divisor of 36 and 991971?
9
What is the highest common divisor of 1188 and 7015932?
396
What is the highest common divisor of 28 and 44786?
14
Calculate the highest common divisor of 627 and 45.
3
Calculate the highest common divisor of 78619 and 29.
29
What is the highest common divisor of 152 and 544730?
38
What is the highest common factor of 1344 and 204736?
448
Calculate the highest common factor of 3083902 and 2.
2
What is the highest common divisor of 1136 and 4757?
71
Calculate the highest common factor of 11 and 160567.
11
Calculate the highest common factor of 4728 and 84.
12
What is the highest common divisor of 31540 and 715460?
1660
Calculate the highest common divisor of 70024 and 8.
8
What is the greatest common divisor of 2457 and 12660921?
2457
What is the greatest common factor of 1115 and 93437?
223
Calculate the highest common factor of 4009 and 10032.
19
Calculate the highest common divisor of 44 and 1368.
4
Calculate the greatest common factor of 18 and 17217.
9
Calculate the greatest common divisor of 11339 and 29.
29
What is the highest common factor of 517405 and 805?
35
Calculate the highest common factor of 20 and 522820.
20
What is the greatest common factor of 60 and 8520?
60
What is the greatest common divisor of 6544 and 2504?
8
What is the greatest common factor of 7 and 92883?
7
What is the greatest common factor of 116288 and 276?
92
Calculate the highest common divisor of 329 and 509621.
329
What is the greatest common factor of 8 and 3804?
4
What is the highest common factor of 29692 and 780?
52
Calculate the highest common divisor of 11546 and 99898.
502
What is the greatest common divisor of 105921 and 108?
27
Calculate the greatest common factor of 1855 and 164830.
265
What is the greatest common divisor of 910 and 151645?
65
What is the greatest common divisor of 6963 and 5192?
11
What is the greatest common divisor of 4080 and 1200?
240
Calculate the greatest common factor of 2465 and 100224.
29
Calculate the highest common divisor of 44889 and 52.
13
What is the greatest common divisor of 7870 and 10?
10
Calculate the greatest common factor of 2280 and 240.
120
Calculate the greatest common divisor of 6799 and 23535.
523
What is the greatest common factor of 2646 and 763?
7
Calculate the highest common factor of 108 and 91932.
12
What is the highest common factor of 744 and 24056?
248
What is the greatest common factor of 25 and 149?
1
What is the greatest common divisor of 4661 and 944?
59
Calculate the highest common divisor of 18552 and 696.
24
Calculate the highest common factor of 300578 and 63626.
2194
Calculate the highest common divisor of 2268 and 1470.
42
Calculate the greatest common factor of 76351 and 3155.
631
Calculate the greatest common divisor of 2215 and 1805.
5
Calculate the greatest common divisor of 213 and 2195675.
71
What is the greatest common divisor of 42064 and 704?
176
Calculate the greatest common divisor of 572 and 35750.
286
Calculate the greatest common factor of 3774 and 89244.
222
Calculate the greatest common divisor of 1375200 and 90.
90
Calculate the greatest common factor of 23 and 23069.
23
Calculate the greatest common divisor of 30833 and 121.
11
What is the greatest common factor of 245 and 215915?
35
Calculate the highest common factor of 1388340 and 20.
20
Calculate the greatest common divisor of 472 and 104.
8
What is the highest common divisor of 528 and 118624?
176
What is the greatest common factor of 1097385 and 15?
15
What is the highest common divisor of 247381 and 1?
1
Calculate the greatest common factor of 864 and 69600.
96
What is the greatest common factor of 316381 and 520?
13
Calculate the greatest common divisor of 33394 and 1132.
566
Calculate the greatest common factor of 239400 and 1224.
72
What is the greatest common divisor of 273 and 3029?
13
Calculate the greatest common factor of 39435 and 22605.
165
Calculate the highest common divisor of 624 and 82032.
48
What is the highest common factor of 21 and 12096?
21
What is the greatest common divisor of 93 and 48453?
93
Calculate the highest common factor of 308708 and 3261.
1087
What is the greatest common divisor of 583 and 38016?
11
Calculate the greatest common factor of 17997 and 1743.
21
What is the greatest common divisor of 17 and 95999?
17
Calculate the highest common factor of 585 and 2646.
9
Calculate the greatest common divisor of 3474 and 42267.
579
What is the highest common factor of 190 and 40204?
38
Calculate the highest common divisor of 50764 and 888.
148
Calculate the greatest common divisor of 63008 and 256.
32
What is the highest common factor of 39432 and 40704?
1272
What is the highest common factor of 66209 and 3241?
463
What is the highest common divisor of 11340 and 7770?
210
Calculate the highest common factor of 1539 and 25479.
171
What is the greatest common divisor of 44825 and 828366?
1793
What is the highest common divisor of 20 and 101780?
20
What is the greatest common divisor of 142408 and 648?
8
What is the greatest common divisor of 59 and 3415?
1
What is the highest common divisor of 9 and 85149?
9
What is the greatest common divisor of 110 and 4814590?
110
What is the highest common factor of 15516 and 72?
36
What is the highest common divisor of 7 and 26446?
7
What is the highest common factor of 1057 and 1337?
7
Calculate the highest common divisor of 317415 and 15.
15
What is the highest common divisor of 14338 and 5350?
214
Calculate the highest common factor of 10503 and 540.
27
Calculate the highest common factor of 66 and 270534.
66
Calculate the highest common factor of 42117 and 14847.
303
Calculate the greatest common divisor of 589 and 1691.
19
Calculate the highest common divisor of 125880 and 360.
120
Calculate the highest common factor of 667415 and 175.
35
What is the highest common factor of 211259 and 43?
43
What is the highest common factor of 770 and 1015?
35
What is the highest common divisor of 1460 and 457564?
292
Calculate the highest common divisor of 403826 and 19.
19
Calculate the highest common factor of 98 and 133721.
49
Calculate the greatest common divisor of 3505 and 25.
5
Calculate the highest common divisor of 650 and 14950.
650
What is the greatest common factor of 96 and 317216?
32
Calculate the highest common divisor of 763 and 721.
7
Calculate the greatest common factor of 1113 and 1266.
3
What is the greatest common divisor of 44 and 65028?
4
What is the highest common divisor of 14484 and 612?
204
Calculate the highest common divisor of 7206052 and 1708.
1708
What is the highest common divisor of 182064 and 120?
24
Calculate the highest common divisor of 399 and 162393.
399
What is the highest common factor of 46 and 4094?
46
Calculate the greatest common factor of 54 and 192.
6
Calculate the highest common factor of 75525 and 150.
75
Calculate the highest common divisor of 1084060 and 5360.
1340
What is the highest common factor of 49 and 38892?
7
What is the greatest common divisor of 583 and 5353?
53
Calculate the highest common factor of 17 and 21947.
17
Calculate the highest common divisor of 3525 and 27725.